 6?
3135352
-188693 (base 15) to base 10
-1192863
Convert 342c38 (base 14) to base 10.
1775026
112120221012 (base 3) to base 8
1060711
What is 10100100101110001111 (base 2) in base 8?
2445617
111100101011101010 (base 2) to base 16
3caea
What is -31312a (base 13) in base 10?
-1149236
52352301 (base 7) to base 15
5c37d3
What is 92a57 (base 11) in base 14?
37651
Convert -4070734 (base 8) to base 14.
-200a84
Convert -26a8909 (base 11) to base 12.
-1691194
What is -202101000 (base 4) in base 5?
-13442402
Convert -462717 (base 8) to base 10.
-157135
What is 101010111100101 (base 2) in base 15?
67ae
Convert -150667 (base 15) to base 5.
-224421242
Convert 30133230 (base 5) to base 15.
4b0ca
-11200011121 (base 3) to base 7
-532105
Convert -13775415 (base 8) to base 11.
-1858531
Convert 38006 (base 12) to base 7.
434454
What is 1100000011101111001101 (base 2) in base 10?
3161037
What is 351b0 (base 12) in base 15?
16119
What is -5089a7 (base 15) in base 12?
-13461a1
-7718410 (base 9) to base 3
-21210122110100
-2041424 (base 5) to base 6
-421205
Convert -19021 (base 16) to base 5.
-11234213
Convert 255442302 (base 6) to base 2.
10011001011110010011110
Convert -1430361 (base 7) to base 15.
-3be80
1233015 (base 8) to base 16
5360d
What is 5cc2d (base 14) in base 12?
ab721
What is -2376046 (base 9) in base 14?
-258376
Convert 88750 (base 11) to base 13.
46754
Convert -3226c (base 14) to base 3.
-20011021210
-28735 (base 12) to base 5
-3300340
-10310011311 (base 4) to base 6
-43014153
22730752 (base 9) to base 12
3855a78
-88873 (base 11) to base 6
-2432224
Convert 10034601 (base 7) to base 13.
231b6a
Convert 1560087 (base 9) to base 14.
187907
Convert 3242254 (base 6) to base 14.
42a94
Convert -368c41 (base 13) to base 15.
-1ab987
What is -37a4a45 (base 12) in base 10?
-10915541
Convert 7ad826 (base 14) to base 8.
17760132
644565 (base 14) to base 6
200414421
What is -10010100111000110 (base 2) in base 16?
-129c6
Convert 6661b4 (base 14) to base 16.
350352
-c107 (base 16) to base 10
-49415
Convert 6ea83e (base 15) to base 14.
9bd9cd
What is -10b7a8 (base 16) in base 11?
-689153
Convert -2089131 (base 10) to base 3.
-10221010202020
What is 16565062 (base 7) in base 11?
a13409
What is -1641350 (base 8) in base 3?
-220011210012
What is 3988a (base 12) in base 2?
10011010010101010
-3166000 (base 7) to base 10
-386218
What is -413a5f (base 16) in base 2?
-10000010011101001011111
35533108 (base 9) to base 12
5975098
What is 141ba (base 15) in base 6?
1214421
25366610 (base 7) to base 15
307362
-4d435 (base 16) to base 6
-10441045
-1101100111011101 (base 2) to base 13
-1c503
22a6b45 (base 13) to base 3
202010110101221
Convert -1e19c (base 15) to base 8.
-277707
-cac50 (base 16) to base 12
-340780
Convert 231232021 (base 6) to base 9.
8021244
Convert -ffff7 (base 16) to base 6.
-34250251
Convert 365306 (base 9) to base 2.
110101110011110111
What is 120220212111022 (base 3) in base 2?
100000010001101101001101
What is 779070 (base 10) in base 2?
10111110001100111110
What is 195208 (base 12) in base 3?
211120120222
What is 2787343 (base 9) in base 2?
101110110100010010010
What is -1010020010210222 (base 3) in base 14?
-21c23a4
What is 11121021212101 (base 3) in base 15?
334d01
Convert -47b182 (base 16) to base 6.
-244412150
-45315200 (base 6) to base 10
-1378800
Convert 3bd726 (base 15) to base 14.
54da50
-432707 (base 8) to base 4
-203113013
Convert 12031101 (base 4) to base 16.
6351
Convert -6506b (base 15) to base 11.
-1a9a6a
-10100000000111100001 (base 2) to base 3
-1020022122102
Convert 5822568 (base 11) to base 12.
34aa644
What is -1304759 (base 10) in base 14?
-25d6d1
What is 1488ba (base 12) in base 9?
577757
Convert 10110110101111001 (base 2) to base 15.
1cac6
What is -4923bb (base 12) in base 4?
-10201202333
4833 (base 15) to base 6
155020
What is -9c669b (base 14) in base 10?
-5319185
What is -2246477 (base 8) in base 3?
-1010222012202
What is 1a2924 (base 11) in base 13?
ab885
What is -20251621 (base 7) in base 6?
-100143341
40332 (base 11) to base 2
1110011001010010
650435 (base 10) to base 16
9ecc3
Convert 136a418 (base 12) to base 2.
1110110001111111010100
What is -1100110000011101101 (base 2) in base 7?
-3360513
Convert 1709269 (base 11) to base 2.
1011000110101111101110
Convert -1423141 (base 6) to base 11.
-559a2
401536 (base 12) to base 3
1212200202020
What is 101211102201102 (base 3) in base 10?
5755979
59389 (base 15) to base 13
9c537
What is 5120b9 (base 15) in base 11?
21a2982
Convert 95241 (base 13) to base 4.
1001202021
-300134332 (base 5) to base 3
-2012211011220
Convert 124403021 (base 7) to base 4.
132111012203
Convert -231524 (base 8) to base 5.
-10004201
Convert 100110000101110011110 (base 2) to base 14.
246c22
Convert 17a08a5 (base 11) to base 6.
145143431
What is -440421 (base 6) in base 2?
-1000111001011101
Convert 21021210012 (base 3) to base 10.
143456
-1db37 (base 16) to base 8
-355467
What is -900102 (base 10) in base 16?
-dbc06
Convert -30421210 (base 6) to base 3.
-1122101121220
What is 206514101 (base 7) in base 13?
2726234
Convert 1212211202100 (base 3) to base 11.
623961
16545250 (base 7) to base 5
403444144
What is -111100101000101101 (base 2) in base 16?
-3ca2d
What is -19a01 (base 12) in base 11?
-2638a
25e3 (base 16) to base 7
40164
What is -341045545 (base 6) in base 16?
-5ec889
Convert -10a51 (base 15) to base 11.
-36868
-699a6 (base 11) to base 9
-163525
Convert 111100010100101011 (base 2) to base 9.
415836
What is cd5e0a (base 16) in base 3?
221022210012210
Convert 5c63 (base 15) to base 10.
19668
Convert -219083 (base 10) to base 7.
-1601504
Convert -331434453 (base 6) to base 8.
-26573201
-22322113110 (base 4) to base 9
-5338773
What is 112532030 (base 6) in base 9?
3844250
-18077 (base 12) to base 7
-203011
Convert 2134120 (base 5) to base 3.
1212110102
Convert 555248 (base 9) to base 16.
5107d
What is -201010202001 (base 3) in base 15?
-7693a
a67471 (base 12) to base 16
280fd5
What is 168803 (base 9) in base 11?
718a2
Convert cf6cb (base 16) to base 7.
10136000
-24676044 (base 8) to base 9
-11258146
Convert -2db4e (base 16) to base 3.
-100111210212
What is -796d1 (base 15) in base 11?
-244259
-350165 (base 8) to base 4
-131001311
-2002133122 (base 4) to base 2
-10000010011111011010
-1137030 (base 8) to base 9
-523312
Convert -50dd44 (base 14) to base 15.
-38d1ba
-195733 (base 13) to base 8
-2343050
Convert 227121 (base 9) to base 4.
201103213
What is -112111120211 (base 3) in base 14?
-76066
-1955c3 (base 16) to base 11
-a344a4
What is -2312627 (base 8) in base 5?
-130044434
Convert -1021100100102100 (base 3) to base 4.
-1011220103100
Convert -d032 (base 16) to base 9.
-81100
Convert -7479571 (base 11) to base 15.
-124e520
What is -3138b9 (base 14) in base 13?
-462559
What is -5eec2 (base 15) in base 7?
-2403305
Convert 1231257 (base 14) to base 5.
4213124040
Convert 802a5 (base 11) to base 2.
11100101011101101
What is -620022 (base 7) in base 3?
-12100221100
-1454a4 (base 11) to base 5
-24224433
-1265366 (base 7) to base 11
-1049a5
What is 14ade5 (base 16) in base 7?
14343062
Convert -610504 (base 16) to base 7.
-105021151
Convert -2873828 (base 10) to base 5.
-1213430303
-3c3469 (base 16) to base 7
-45352066
Convert -200021022021 (base 3) to base 9.
-607267
Convert -20057 (base 10) to base 13.
-918b
Convert 31240320 (base 5) to base 4.
333030103
Convert -686832 (base 12) to base 9.
-3125362
11231503 (base 6) to base 14
90371
Convert 48a0b9 (base 16) to base 8.
22120271
Convert 18f53 (base 16) to base 14.
2937d
Convert 6267003 (base 8) to base 11.
a39128
What is -52362 (base 10) in base 11?
-36382
-34a09 (base 13) to base 5
-11034140
-22121002022 (base 3) to base 12
-81ab2
-53758 (base 12) to base 11
-75666
Convert 19bd8 (base 16) to base 2.
11001101111011000
Convert -384014 (base 10) to base 7.
-3156401
Convert -2780a (base 13) to base 16.
-12087
What is -182023c (base 13) in base 15?
-a52494
-1cb746b (base 13) to base 8
-44526540
132160 (base 10) to base 4
200101000
Convert -5250122 (base 6) to base 2.
-111110010110000010
Convert -2101214 (base 8) to base 6.
-15541552
Convert -15955958 (base 10) to base 7.
-252423554
-100201202121 (base 3) to base 7
-1425316
Convert 20010024 (base 5) to base 15.
31744
Conver